mmon divisor of 7502 and 946.
22
Calculate the greatest common divisor of 200 and 5972600.
200
What is the greatest common divisor of 1352 and 3640?
104
Calculate the highest common factor of 493 and 25027.
29
What is the greatest common factor of 129156 and 235?
47
Calculate the greatest common factor of 871 and 107354.
13
Calculate the greatest common divisor of 1102 and 3173.
19
Calculate the greatest common factor of 2185470 and 168.
42
What is the highest common factor of 1159931 and 779?
779
Calculate the greatest common divisor of 133 and 237139.
133
What is the highest common factor of 173740 and 350?
70
What is the greatest common divisor of 333 and 485699?
37
What is the highest common factor of 23110 and 170?
10
Calculate the highest common factor of 3707 and 47854.
337
What is the highest common divisor of 124862 and 41062?
838
What is the highest common factor of 102 and 35734?
34
Calculate the greatest common divisor of 441429 and 1641.
1641
Calculate the highest common divisor of 2080 and 10416640.
2080
What is the highest common divisor of 1908 and 19548?
36
Calculate the highest common divisor of 2353 and 15566.
181
Calculate the greatest common factor of 1290063 and 883.
883
Calculate the greatest common factor of 513688 and 70.
14
What is the greatest common divisor of 96 and 75?
3
What is the highest common factor of 38 and 107977?
19
Calculate the highest common factor of 92 and 4591421.
23
Calculate the greatest common factor of 11286 and 190.
38
What is the greatest common divisor of 4 and 46388?
4
Calculate the greatest common factor of 118 and 185968.
118
What is the highest common divisor of 3345811 and 7?
7
Calculate the greatest common factor of 11931 and 20952.
291
Calculate the highest common divisor of 2691 and 109503.
207
Calculate the greatest common divisor of 91876 and 5768.
412
What is the greatest common divisor of 833880 and 40?
40
What is the greatest common divisor of 1530 and 265370?
170
Calculate the highest common divisor of 299 and 24076.
13
Calculate the greatest common factor of 584544 and 80.
16
Calculate the highest common factor of 341004 and 12308.
724
What is the greatest common divisor of 663 and 7905?
51
What is the greatest common factor of 3558 and 42?
6
What is the highest common divisor of 114 and 38722?
38
What is the greatest common factor of 13720 and 315?
35
Calculate the greatest common divisor of 357 and 294168.
357
Calculate the highest common factor of 19980 and 3195.
45
What is the highest common factor of 31160 and 6745?
95
Calculate the highest common factor of 11523 and 207.
69
What is the highest common factor of 27685 and 23030?
245
Calculate the greatest common factor of 16591 and 2444.
47
Calculate the highest common factor of 1218984 and 312.
312
What is the greatest common factor of 54 and 400?
2
What is the highest common factor of 59143 and 568?
71
What is the highest common factor of 56975 and 181675?
1075
Calculate the highest common divisor of 966 and 112378.
322
What is the greatest common factor of 92 and 12742?
46
Calculate the greatest common divisor of 85685 and 110.
5
Calculate the greatest common divisor of 3272 and 96.
8
What is the greatest common factor of 16 and 12926?
2
Calculate the highest common divisor of 56390 and 160.
10
What is the highest common divisor of 49 and 140189?
49
What is the greatest common divisor of 91 and 2222311?
91
Calculate the highest common divisor of 36 and 112908.
12
What is the greatest common factor of 30 and 1139010?
30
Calculate the greatest common factor of 1286240 and 160.
160
What is the highest common divisor of 2629 and 264?
11
Calculate the highest common factor of 1168029 and 72.
9
What is the greatest common divisor of 214 and 1437759?
107
What is the greatest common divisor of 4576 and 7007?
143
What is the highest common divisor of 602 and 5404?
14
Calculate the highest common divisor of 900 and 477.
9
Calculate the highest common factor of 108255 and 8085.
105
Calculate the highest common factor of 7051 and 1243.
11
Calculate the highest common factor of 108 and 670140.
108
Calculate the highest common factor of 59295 and 35443.
67
What is the greatest common divisor of 88544 and 2512?
16
Calculate the greatest common divisor of 14476 and 198.
22
Calculate the highest common divisor of 968 and 14883.
121
What is the greatest common factor of 680064 and 3850?
154
What is the greatest common divisor of 34 and 9944?
2
Calculate the greatest common factor of 2104634 and 17.
17
What is the greatest common factor of 2625 and 140700?
525
What is the highest common divisor of 73211 and 716?
179
Calculate the greatest common factor of 67019 and 87.
29
What is the highest common factor of 124041 and 13623?
717
What is the greatest common divisor of 21514 and 62?
62
What is the highest common factor of 79182 and 636?
318
What is the greatest common factor of 348008 and 328?
328
Calculate the greatest common divisor of 1304670 and 1884.
942
Calculate the highest common divisor of 88989 and 3.
3
Calculate the greatest common factor of 870 and 1297750.
290
What is the highest common divisor of 558 and 10926?
18
What is the highest common factor of 50 and 909325?
25
Calculate the greatest common factor of 1006467 and 231.
231
What is the highest common divisor of 58627 and 46?
23
Calculate the greatest common divisor of 188 and 259957.
47
What is the highest common factor of 161 and 7868?
7
Calculate the highest common divisor of 1662 and 1108.
554
What is the highest common factor of 6845 and 80?
5
What is the highest common divisor of 144 and 216?
72
What is the highest common factor of 245 and 802277?
49
Calculate the greatest common factor of 8556 and 92.
92
Calculate the highest common factor of 264249 and 243.
27
Calculate the highest common factor of 17368 and 208.
104
Calculate the highest common divisor of 175 and 285775.
175
Calculate the greatest common divisor of 280 and 11240.
40
What is the greatest common factor of 58 and 218?
2
Calculate the highest common factor of 4920 and 46680.
120
What is the highest common divisor of 1050 and 960?
30
What is the greatest common factor of 54 and 62019?
27
Calculate the greatest common divisor of 1924 and 468.
52
What is the greatest common divisor of 111082 and 6?
2
Calculate the highest common factor of 515 and 5.
5
What is the greatest common factor of 534499 and 609?
203
Calculate the highest common divisor of 7068 and 38.
38
Calculate the greatest common factor of 134383 and 61.
61
What is the greatest common divisor of 6110 and 15340?
130
What is the highest common factor of 1196 and 23506?
46
What is the highest common divisor of 729 and 1737207?
729
What is the greatest common factor of 40 and 23730?
10
Calculate the highest common divisor of 33284 and 38372.
212
Calculate the highest common divisor of 84 and 50694.
42
What is the highest common divisor of 468165 and 1380?
345
Calculate the greatest common divisor of 132 and 114675.
33
Calculate the highest common divisor of 1806 and 4494.
42
What is the highest common factor of 48 and 47898?
6
What is the highest common factor of 38298 and 1079?
13
Calculate the highest common divisor of 49088 and 8.
8
What is the highest common factor of 70591 and 1314?
73
Calculate the highest common divisor of 116650 and 150.
50
Calculate the greatest common divisor of 6033 and 1126160.
2011
Calculate the highest common divisor of 34389 and 24.
3
What is the greatest common factor of 11106 and 29178?
18
Calculate the highest common divisor of 60 and 16880.
20
What is the highest common factor of 5454 and 54?
54
Calculate the highest common factor of 2426368 and 896.
896
What is the greatest common divisor of 4867 and 12679?
31
What is the highest common divisor of 2058 and 25284?
294
Calculate the greatest common divisor of 4788 and 47250.
126
What is the highest common divisor of 32 and 5744?
16
Calculate the greatest common divisor of 812 and 5967388.
812
Calculate the highest common divisor of 87 and 21837.
87
What is the highest common divisor of 847 and 28?
7
Calculate the highest common divisor of 32 and 161664.
32
What is the highest common factor of 69587 and 14?
7
Calculate the highest common factor of 70 and 831